0428757631 a composite number?
True
Is 76314157861 prime?
True
Is 2034550313 a composite number?
False
Is 229390793 composite?
True
Is 2449758941 prime?
False
Is 142506044081 a prime number?
False
Is 640815599 a composite number?
True
Is 15917844413 a composite number?
True
Is 3187940183 composite?
False
Is 21070672087 a composite number?
False
Is 81794048371 a composite number?
True
Is 4324745057 a composite number?
True
Is 388058189 a prime number?
False
Is 3681158251 prime?
True
Is 5923069465 a prime number?
False
Is 132799767743 composite?
True
Is 2085736777 prime?
False
Is 14756051153 a prime number?
False
Is 70115506133 prime?
False
Is 1715448311 prime?
True
Is 998849417 a prime number?
False
Is 19290311771 a prime number?
False
Is 6521706017 a composite number?
False
Is 46823880109 a prime number?
True
Is 1039677479 a composite number?
True
Is 1135012199 a prime number?
True
Is 1601469049 a prime number?
False
Is 863847461 prime?
True
Is 2845831409 a composite number?
False
Is 20864514161 prime?
True
Is 59546933 a prime number?
True
Is 13878079879 a composite number?
False
Is 102232283591 a composite number?
False
Is 36577969343 a composite number?
True
Is 13163662459 prime?
True
Is 18732379913 composite?
True
Is 35706197899 prime?
True
Is 2737371913 prime?
False
Is 836308873 a prime number?
False
Is 316080097 a prime number?
False
Is 3605278883 prime?
True
Is 1589878177 prime?
False
Is 10876277639 a composite number?
True
Is 1761489689 a composite number?
False
Is 3461306239 a prime number?
True
Is 3298425701 a composite number?
False
Is 153908821 a composite number?
True
Is 4298235349 a composite number?
False
Is 1859482609 composite?
True
Is 5841792547 a prime number?
False
Is 144327187 prime?
True
Is 77873717 a composite number?
True
Is 1594754897 a composite number?
True
Is 7199946181 prime?
True
Is 5497545737 a composite number?
True
Is 130365517567 composite?
True
Is 13674094019 prime?
True
Is 997791287 composite?
True
Is 2286328379 composite?
False
Is 2718548311 composite?
True
Is 12219896197 prime?
True
Is 14457042727 prime?
False
Is 2726486099 a prime number?
True
Is 1962477793 a composite number?
True
Is 17827911971 composite?
False
Is 5823331027 composite?
True
Is 50523160367 prime?
True
Is 11049195363 a composite number?
True
Is 16989704269 a composite number?
True
Is 1424173343 prime?
True
Is 116713043 a prime number?
False
Is 15761692021 prime?
True
Is 31555607527 prime?
True
Is 2562333079 composite?
False
Is 1674733195 composite?
True
Is 14342693359 composite?
False
Is 12164508701 composite?
False
Is 1546509931 prime?
True
Is 1193766229 a composite number?
False
Is 40522543361 composite?
True
Is 4522087151 a composite number?
False
Is 370521826 composite?
True
Is 15762046877 a prime number?
False
Is 10803241643 a prime number?
False
Is 12718780577 composite?
False
Is 445188363 a composite number?
True
Is 84773608181 composite?
True
Is 7785706693 prime?
True
Is 25615609219 prime?
False
Is 2409686567 prime?
True
Is 194142203 composite?
False
Is 9895939843 a prime number?
False
Is 108751939 a prime number?
True
Is 3395319137 a prime number?
False
Is 76199092009 prime?
True
Is 7561101 composite?
True
Is 7292332819 a composite number?
True
Is 9229543663 a prime number?
True
Is 239948431871 a prime number?
True
Is 44848629877 a composite number?
True
Is 942842203 a composite number?
True
Is 6577408867 composite?
True
Is 1509035519 prime?
True
Is 45435141182 prime?
False
Is 1318253473 a composite number?
False
Is 9665339587 a composite number?
False
Is 74494957 a composite number?
True
Is 2865569191 composite?
False
Is 133190416981 composite?
False
Is 24046786207 prime?
True
Is 21606689641 prime?
False
Is 3457968131 a composite number?
False
Is 6525718783 a composite number?
False
Is 76862707697 a composite number?
True
Is 296582683 a prime number?
False
Is 161028177251 a prime number?
True
Is 287632399 a prime number?
False
Is 34856518843 prime?
False
Is 3319299097 prime?
False
Is 1199373629 composite?
True
Is 4715504803 composite?
True
Is 159220327 a prime number?
False
Is 209636059733 composite?
False
Is 4399847171 a composite number?
True
Is 2899995871 a prime number?
False
Is 5946084119 prime?
True
Is 121553815 a prime number?
False
Is 623940601 a prime number?
False
Is 268273607 a composite number?
True
Is 4156095679 composite?
True
Is 2335647449 a prime number?
False
Is 59823627257 composite?
True
Is 6274526537 a composite number?
False
Is 5425881469 a composite number?
True
Is 3106471321 composite?
False
Is 1098646553 composite?
True
Is 56888972431 a prime number?
False
Is 37999466273 composite?
False
Is 58792313399 a prime number?
False
Is 13530066409 a composite number?
True
Is 2254266629 a composite number?
False
Is 4108717945 a composite number?
True
Is 6067170971 composite?
True
Is 9319873151 composite?
True
Is 10185681651 a prime number?
False
Is 85323989 composite?
True
Is 3770550013 prime?
True
Is 4657647139 a prime number?
True
Is 114609411743 prime?
False
Is 5282089607 composite?
False
Is 22058666003 prime?
False
Is 390563273 prime?
True
Is 55878929089 a composite number?
True
Is 30984923149 composite?
False
Is 961106527 composite?
False
Is 22594670069 prime?
False
Is 33203934041 a composite number?
True
Is 13731371099 prime?
True
Is 13133988689 a prime number?
False
Is 200178617 a composite number?
False
Is 11634876013 a prime number?
False
Is 7449935893 a prime number?
True
Is 3336296009 prime?
True
Is 786649883 prime?
True
Is 18146040223 prime?
False
Is 788263783 a prime number?
False
Is 254233801 composite?
False
Is 668299811 a prime number?
True
Is 38852373029 prime?
False
Is 391000499 prime?
True
Is 2293842287 composite?
True
Is 156069990933 a composite number?
True
Is 3711419221 prime?
False
Is 9338954869 composite?
False
Is 61785004661 a composite number?
True
Is 180979954741 composite?
False
Is 383556279 a prime number?
False
Is 51400583357 a composite number?
True
Is 7831505729 prime?
False
Is 1430131111 prime?
False
Is 16245545203 composite?
True
Is 3551852729 a prime number?
True
Is 42654914359 a prime number?
True
Is 5737198877 prime?
False
Is 5901924307 a prime number?
True
Is 9832214631 a composite number?
True
Is 160155719267 a prime number?
True
Is 1921961123 composite?
False
Is 50403556729 a prime number?
True
Is 428712107 prime?
False
Is 106420986751 a composite number?
True
Is 1240268471 composite?
True
Is 137376047 composite?
False
Is 531492469 a composite number?
True
Is 832639177 a composite number?
True
Is 1085951641 a composite number?
False
Is 170605231 a composite number?
True
Is 3647239097 composite?
False
Is 8418421343 a prime number?
True
Is 33800106317 prime?
False
Is 733368451 prime?
True
Is 1056142229 a composite number?
True
Is 1579425427 composite?
False
Is 3481023407 prime?
True
Is 498311729 a composite number?
False
Is 48090901 a prime number?
False
Is 73325353 a composite number?
False
Is 1930699031 a composite number?
False
Is 6089781511 a prime number?
False
Is 38169605645 a composite number?
True
Is 3632100713 composite?
True
Is 73224953 composite?
False
Is 717395233 a prime number?
True
Is 119264947 prime?
True
Is 108462684586 a prime number?
False
Is 469823153 a prime number?
True
Is 4418635597 a prime number?
False
Is 11629194133 prime?
True
Is 3354331802 a composite number?
True
Is 39055807 a prime number?
False
Is 329202623 composite?
True
Is 573413233 composite?
True
Is 515984803 a prime number?
True
Is 268347851 a prime number?
False
Is 3456449006 a composite number?
True
Is 210679741 prime?
True
Is 9560051855 prime?
False
Is 2438972737 a composite number?
False
Is 104974631 prime?
True
Is 1514767949 a prime number?
False
Is 15148234327 composite?
False
Is 53554979609 a composite number?
False
Is 11110901807 composite?
True
Is 10227470027 prime?
True
Is 541249073 a prime number?
True
Is 5562557017 a composite number?
False
Is 3410315437 prime?
True
Is 24902503 a composite number?
True
Is 26618495377 composite?
False
Is 102914801573 a prime number?
True
Is 2635505069 prime?
False
Is 84398936387 a composite number?
False
Is 7750533673 prime?
False
Is 65490382393 a prime number?
False
Is 15010964483 a composite number?
True
Is 1400564611 a prime number?
True
Is